3*m, -1 = o*g + 4. What are the prime factors of m?
3, 43
Suppose -3*s = 16*s - 65664. Suppose 2*p + s = 5*p. What are the prime factors of p?
2, 3
Let q = -1951 + 7430. List the prime factors of q.
5479
Suppose 13*r - 935621 = -3*a, -4*r + 287913 = -9*a + 4*a. What are the prime factors of r?
2, 19, 947
Suppose 4*u - 2*k - 19 = -3*k, 0 = 5*u - 3*k - 11. Suppose -3*g - u*l + 1052 = -290, 3*g - 1347 = -3*l. List the prime factors of g.
2, 227
Suppose 0 = 3*l - l - 8. Suppose l*y = -87 + 215. What are the prime factors of y?
2
Let f = -221 + 236. Suppose -5*j = f, 3*u = -3*j + 2*j + 891. What are the prime factors of u?
2, 149
Let h(p) = 2*p**2 - 59*p + 33. Let v be h(29). List the prime factors of 2007/153 + v/(-34).
13
Let z = 13 + 9. Let v = -12 + z. Suppose -3*k = -3*h - 97 + v, 5*h = 3*k - 87. List the prime factors of k.
29
Let z = 59743 + -23399. What are the prime factors of z?
2, 7, 11, 59
Let k = 5496 + 2849. List the prime factors of k.
5, 1669
Suppose i - 7391 = -2*p, -5*i = -0*i - 3*p - 37046. What are the prime factors of i?
5, 1481
Let a(x) = -13*x**2 - 13*x + 4. Let q(s) = s + 1. Let r(j) = -a(j) + 3*q(j). Let i be r(-3). Let o = i + 89. What are the prime factors of o?
157
Suppose 16*b = -6321 + 113601. List the prime factors of b.
3, 5, 149
Let j = -399 + 401. Suppose -3 = 4*y - y, j*x + 5*y = 1501. What are the prime factors of x?
3, 251
Suppose -664*k + 657*k - 47901 = -116732. List the prime factors of k.
9833
Let y = -1251 - -1878. What are the prime factors of (y/4 - 1) + 6/(-8)?
5, 31
Let c(n) = -534*n - 329. List the prime factors of c(-15).
7681
Let f = 82831 + -44992. What are the prime factors of f?
3, 12613
Let m = 8544 - 2909. What are the prime factors of m?
5, 7, 23
Let k(z) = 4*z**3 - 10*z**2 + 39*z - 143. List the prime factors of k(10).
17, 191
Suppose 80*i - 27911 + 12422 = 22431. What are the prime factors of i?
2, 3, 79
Suppose 15 = 5*t, 28282 = 4*s - 4*t - 7106. List the prime factors of s.
2, 3, 5, 59
Let t(s) = -s**2 + 12*s - 33. Let p be t(9). Let r = 2 + p. List the prime factors of 2*1*(r + -3 + 22).
2, 3, 5
Let c be (8/(-24))/((-2)/(-48)). Let h(l) = -21*l + 28. List the prime factors of h(c).
2, 7
Suppose 68*f - 9 = 65*f. Suppose -5*w + 3187 = l, f*w - 1415 = 5*l + 486. List the prime factors of w.
7, 13
List the prime factors of (-28)/(-24) + -1 - (-1760900)/24.
3, 37, 661
Let v(t) be the third derivative of 11*t**5/5 - t**4/24 - 4*t**2. Let o be v(-1). Suppose 3*i - i = -f + o, 0 = f - 3*i - 158. What are the prime factors of f?
11, 13
Suppose -4*k - 139 = -1751. Let r = -185 + k. What are the prime factors of r?
2, 109
Suppose -4*o - 227272 = -3*v, 441*o = -4*v + 440*o + 303080. List the prime factors of v.
2, 3, 7, 11, 41
Suppose 0 = -8*l + 7 + 33. Let y(d) = -d**3 + d - 1. Let n(w) = -4*w**3 - w**2 + w - 62. Let r(z) = l*y(z) - n(z). List the prime factors of r(0).
3, 19
Let h(l) = -164*l**3 - 3*l**2 - 8*l - 131. What are the prime factors of h(-7)?
2, 5, 13, 431
Suppose 3*m - v - 1457 = 0, -870 - 103 = -2*m + v. Suppose -4*p + m = -412. What are the prime factors of p?
2, 7
Let j(u) = u**3 - 4*u**2 + 4*u + 1. Suppose -5*z + 12 = -z. Let o be j(z). Suppose 2*g = -i + o*g + 39, 0 = -i - 3*g + 24. What are the prime factors of i?
3, 11
Let d(a) = 4*a**3 - 33*a**2 + 8*a - 22. Let n be d(8). Let r(h) = -50*h + 153. What are the prime factors of r(n)?
7, 179
Suppose -966 = -2*j + 2*f, -45*f = 4*j - 50*f - 1938. What are the prime factors of j?
3, 53
Suppose 0 = 418*t + 97111 - 808547. What are the prime factors of t?
2, 23, 37
Suppose -5*n + 77 = -148. Let y = 109 - n. List the prime factors of y.
2
Let l(v) = v**3 + 8*v**2 - 8*v. Let h = 45 + -43. Suppose -8*b = -h*b + 48. List the prime factors of l(b).
2
Let h = 130 + -130. Suppose h = 7*a - 3*a - 2*p - 558, -413 = -3*a - 4*p. Let s = a - 70. List the prime factors of s.
3, 23
Let s(g) = 306*g - 35. Let y be s(4). Suppose -1495 = -5*r + 2*v, -3*v + y = 4*r - 6*v. What are the prime factors of r?
7, 43
Let p(g) be the second derivative of g**4/12 + 15*g. Let r be p(0). What are the prime factors of 47 + r - (4 + -8)?
3, 17
Let g(i) = 14*i - 67. Let m be g(5). Suppose -3084 = -3*z + m*u + u, 3*z - 2*u - 3090 = 0. List the prime factors of z.
2, 3, 43
List the prime factors of 9*(-153474)/(-99) + (-56)/308.
2, 109
Let r be (2 - 2)/(4/((-8)/6)). Suppose r = -3*c + 153 + 51. Let d = -56 + c. List the prime factors of d.
2, 3
Let l = 25379 - 10865. What are the prime factors of l?
2, 3, 41, 59
Suppose 0 = -3*n - 9, -4*g + 5*n = -0*n - 31. Suppose -5*r = -4*q + 2*q - g, -r = q + 16. Let w = q + 148. What are the prime factors of w?
2, 17
Let q(d) = -9*d**2 - d + 47. Let l be q(-6). Let s = 714 + l. List the prime factors of s.
443
Suppose -2*h = -31 + 9. Let m be (-76)/6*(99/(-6))/h. Suppose m*p = 22*p - 438. What are the prime factors of p?
2, 73
Let h(g) be the first derivative of -771*g**4/4 - g**3/3 + 3*g**2 + 5*g - 43. List the prime factors of h(-1).
769
Suppose -6*n + 5*n - 5*z = -5034, n = -3*z + 5030. Suppose 0 = 12*o - 4*o - n. What are the prime factors of o?
2, 157
Suppose -17*u + 93192 - 49152 = -204092. What are the prime factors of u?
2, 41, 89
Let x = -1027 - -2573. Suppose 2*a - 2*r = -3*r + 619, 5*a + 3*r - x = 0. List the prime factors of a.
311
What are the prime factors of (18344/(-30))/((-106)/795)?
2, 2293
Let a(g) = -2*g - 42. Let j be a(0). Let t(u) = -3*u**2 + 5*u + 1. Let k be t(6). Let v = j - k. List the prime factors of v.
5, 7
Let x be 7/14 + (-26)/(-4). Suppose 2*h - x*h - 644 = -i, 0 = -h. What are the prime factors of i?
2, 7, 23
Let k(p) = -2*p**2 - 4*p + 5. Let t be (8/(-3))/(2/3). Let z be k(t). Let j = z + 36. List the prime factors of j.
5
Let w(o) = 4*o**2 - o - 25. Suppose -21*c = -12*c - 54. List the prime factors of w(c).
113
Suppose 819760 = 64*u + 16*u. What are the prime factors of u?
10247
Suppose -g = 3*h - 2136, -3*g + 40 = -4*h - 6329. What are the prime factors of g?
3, 709
Let g be ((-4)/(-24))/1 - (-1826)/(-12). Let q = 350 + g. List the prime factors of q.
2, 3, 11
Suppose 38*r - 42*r - a = -30964, -3*a = 0. List the prime factors of r.
7741
What are the prime factors of ((-55506)/(-165))/(4/220)?
2, 11, 29
Suppose -12*g = -0*g - 1152. Let d(j) = -g + 36 + 8*j + 40. What are the prime factors of d(27)?
2, 7
Let o(z) = 49*z**2 + 91*z + 11*z**3 - 3*z + 33 - 10*z**3 + 6*z. What are the prime factors of o(-47)?
3, 11
Let c be 1953/72 + 1/(-8). Suppose c = -4*z + 35, 5*z - 272 = -2*p. What are the prime factors of p?
131
Let t be 6*(-24)/9*1. Let s = t + 19. Suppose -s*x + 196 = -131. What are the prime factors of x?
109
Let m = 32 + -49. Let o(k) = 7*k**2 + 13*k + 3. Let i(h) = 6*h**2 + 14*h + 3. Let u(b) = -6*i(b) + 5*o(b). What are the prime factors of u(m)?
31
Suppose -12*x + 21*x = 63. Suppose -355 = -x*p - 33. List the prime factors of p.
2, 23
Suppose 0 = -18*g + 1051 + 8741. What are the prime factors of 9/(45/10) - g/(-2)?
2, 137
Suppose -5*c + 1273 = 3*x, 2*c = -3*x + 679 + 606. Let r = -173 + x. List the prime factors of r.
2, 3, 43
Suppose 7*c + 64 + 76 = 0. List the prime factors of (1 - c)*(8 + (-450)/63).
2, 3
Let o be 11 + (2 - 0/4). Suppose 24*q - 10824 = o*q. What are the prime factors of q?
2, 3, 41
Let m(t) = -t**3 + 9*t**2 + 11*t - 22. Let q be m(10). What are the prime factors of 836 - 8*2/q*3?
2, 3, 5, 7
Let l = -101 - -103. Suppose 3*b - l*b = 5*h - 435, -357 = -4*h - b. List the prime factors of h.
2, 11
Suppose -2*j = 5*p + 125, -p + 23 = -4*j + 70. Let c = p - -29. Suppose c*r = r + 135. List the prime factors of r.
3, 5
Suppose -2*m + 132 = a + 3*m, -m + 2 = 0. Suppose 2 - a = 15*n. What are the prime factors of (-1)/(-1) + n + 89?
2, 41
Suppose 1 = 2*c + 5*a - 0, -3*c + 7 = 2*a. Suppose -c*f + 52 = 64. List the prime factors of (5 + (-122)/f)*6.
3, 71
Let j(k) = k**3 + 16*k**2 + 16*k + 18. Let y be j(-15). Let a = -65 - -140. Suppose y*n - 8*n = -a. What are the prime factors of n?
3, 5
Let o(w) = 99*w - 20. Suppose -5*t - m + 6 = 0, -2*t = t - 2*m - 14. What are the prime factors of o(t)?
2, 89
Suppose -22*n + 2*n + 69080 = 0. Suppose -4*a - n = -2*y, -2*y = -8*a + 12*a - 3438. List the prime factors of y.
1723
Suppose 0 = -4*a - 5*k - 40, -2*k - 4 = -a - 1. Let r be (-5)